is the remainder when 138 is divided by (-164)/(-6) - 20/(-30)?
26
Suppose 0 = 5*k - 2*j + 4*j + 15, 2*j = -3*k - 13. Let p be (-2)/(1*k/10). Let m = 37 - p. What is the remainder when m is divided by 6?
5
Let t = 3 - 0. Suppose 5*c - 2*y = 63, -y + t*y - 14 = -2*c. Calculate the remainder when c is divided by ((-3)/6)/((-2)/16).
3
Let t(h) = -h**3 + 2*h**2 + 3*h + 2. Let c be t(3). Suppose -w = -c*w + 8. What is the remainder when w is divided by 5?
3
Let q(k) = k**2 - k + 3. Let m be q(4). Let g = -6 + m. Let o = g - 7. Calculate the remainder when 3 is divided by o.
1
Suppose 5*a - 3*z = 2*a - 3, -6 = -2*a + 4*z. Let w(v) be the third derivative of v**5/60 + v**4/12 + 3*v**2. What is the remainder when 44 is divided by w(a)?
14
Suppose 3*b + 0*b - 3 = 0. Suppose -14 = -5*m - 4. What is the remainder when m is divided by ((-1)/2)/(b/(-2))?
0
Suppose 2*f - 9 - 9 = 0. Suppose 0 = 8*z - f*z + 12. Calculate the remainder when 33 is divided by z.
9
Suppose 19 = 3*a - 17. Let s(n) = 2*n + 2*n + n + 3*n**2 - n + 3. Calculate the remainder when a is divided by s(-2).
5
Let l(i) = 5*i**2 + 13*i + 2. What is the remainder when l(-4) is divided by 17?
13
Let c(q) = q**2 + 9*q - 14. Let r be c(-10). Let v = 10 + r. Calculate the remainder when 11 is divided by v.
5
Suppose 4*x + 0*x = -2*d + 316, -3*x = -6. Calculate the remainder when d is divided by 40.
34
Suppose 6*g - 2*g - 5*p - 26 = 0, 4*p = 4*g - 24. What is the remainder when 13 is divided by g?
1
Let d(f) = f**3 - 13*f**2 + 2*f - 9. Let s be 56/9 + (-2)/9. What is the remainder when d(13) is divided by 68/7 - s/(-21)?
7
Suppose 2256 = 20*u - 8*u. Calculate the remainder when u is divided by 38.
36
Suppose 0 = -l + 2*l - 1. Let o be (-106)/(-6) - 1/(-3). Suppose 2*u = -4*h - 4, -5*u = 3*h - h + o. What is the remainder when h is divided by l?
0
Let b(y) = 2*y**3 - 2*y**2 + 4*y - 1. Calculate the remainder when b(2) is divided by 7.
1
Let h(x) = -x - 2. Let b be h(-5). What is the remainder when 7 is divided by 1*6/1 - b?
1
Suppose -32 = -o + 21. Calculate the remainder when o is divided by 18.
17
Let t(q) = -4*q - 1. Let d be t(1). Let z = d + 13. Calculate the remainder when 22 is divided by z.
6
Suppose h = -3*h - 8. Let l(y) = -5*y - 5. Let x(d) = -14*d - 14. Let p(v) = -8*l(v) + 3*x(v). What is the remainder when 2 is divided by p(h)?
0
Let m(d) = -2*d + 1. What is the remainder when m(-7) is divided by 8?
7
Suppose 4*k + 18 = 6*j - j, -3*j = 3*k. Let r be k + 4*3 + 1. Let u = r - 5. What is the remainder when 16 is divided by u?
4
Let o(x) = x**2 + x. What is the remainder when 55 is divided by o(4)?
15
Suppose 28 + 48 = 4*d. What is the remainder when 187 is divided by d?
16
Let s(w) = w**3 + 11*w**2 + 9*w + 13. What is the remainder when s(-10) is divided by 8?
7
Let o(f) = 5*f - 4. Let z(m) = m**3 + 1. Let d be z(3). Let n be (-4)/14 - (-176)/d. What is the remainder when o(n) is divided by 14?
12
What is the remainder when (-3 + 0)*1/(-3)*27 is divided by 11?
5
Suppose -c + 7 = -3*c + 5*h, -4*c + 28 = 4*h. Suppose 0 = -c*w - 0*w + 48. What is the remainder when 47 is divided by w?
11
Suppose 3*d - 2*s + 2 = 4*d, 2*d - 4 = s. Suppose -6*w + 36 = -d*w. What is the remainder when ((-25)/(-2))/(1/2) is divided by w?
7
Let j = 4 + -3. Suppose 9 = 5*n + 5*u - 1, 22 = 5*n + u. Let y = n - j. What is the remainder when 10 is divided by y?
2
Let m = -10 + 12. Let y = m + 9. What is the remainder when 20 is divided by y?
9
Let g(w) = 3*w**2 + 3*w. Suppose 165 = 2*o + 25. What is the remainder when o is divided by g(-3)?
16
Suppose 44*m = 39*m + 145. Calculate the remainder when m is divided by 19.
10
Suppose -2*w + 4*t = 22, 4*t = -2*w + 13 + 5. Let d = 1 - -4. What is the remainder when 0/w + (5 - -9) is divided by d?
4
Let n(p) = p**3 - 8*p**2 + 3*p. Let m(v) = v**2 + v + 1. Let s(g) = -2*m(g) - n(g). Let u be 7 - 3 - 0/(-1). What is the remainder when s(u) is divided by 6?
4
Let c(m) = m**3 + m**2 - 6*m + 5. Calculate the remainder when 91 is divided by c(3).
22
Suppose -z = z + x - 6, 0 = -3*z + 3*x. Suppose -l = -4*k - 26, -3*l + z*l + 5 = 3*k. Let d = -31 + 56. What is the remainder when d is divided by l?
11
Let t(z) be the first derivative of -z**3/3 + 5*z**2/2 - z + 1. Let c be t(4). Suppose -s = c*s - 24. What is the remainder when 16 is divided by s?
4
Let f(a) = 17*a - 6. Let v(w) = 5*w - 1. Let n be 9 - 6 - (1 + 1). Let p be v(n). Calculate the remainder when f(p) is divided by 21.
20
Let l(v) = v**2 - 8*v + 9. Let m be (3 - 5)*(0 + -4). Calculate the remainder when 26 is divided by l(m).
8
Suppose 0 = 4*o - o - 15. Let y(p) = -4*p - 2. Calculate the remainder when y(-4) is divided by o.
4
What is the remainder when 83 is divided by (-490)/(-35) + (-3 - 2/(-2))?
11
Let v = 70 - 46. Let d(o) be the first derivative of -o**3/3 + 7*o**2/2 + 7*o + 1. Calculate the remainder when v is divided by d(6).
11
Suppose 10 = 5*a - 0. Let h = -301 + 476. Suppose o + y - 55 = 0, 3*o = -7*y + a*y + h. Calculate the remainder when o is divided by 17.
16
Let l(i) = i**3 - 9*i**2 + i - 6. Let a be l(9). Suppose -27 - 3 = -a*q. What is the remainder when 15 is divided by q?
5
Let r = -1 - -4. Calculate the remainder when 0 + 0 - (-18)/3 is divided by ((6*-2)/r)/(-2).
0
Let y(o) = o - 3. Let n be y(3). What is the remainder when n + 11 + (-3)/(-1) is divided by ((-16)/10)/((-2)/10)?
6
Let m(d) = d**2 + 8*d + 7. Let b be m(-5). Let o = 19 + b. Calculate the remainder when 0 + -2 + (-22)/(-1) is divided by o.
9
Let j = -35 - -61. What is the remainder when j is divided by 7*-1*(3 + -5)?
12
What is the remainder when 32 - (2 - (-3 + 5)) is divided by 12?
8
Suppose 0 = -3*s - 4*d + 213, 2*s + 3*s - 5*d = 390. Suppose -3*h = -0*h - s. Let c(v) = -13*v**3. What is the remainder when h is divided by c(-1)?
12
Suppose 3*t + 1 = 5*n - 0, 4*n + 4 = 3*t. Let r = 16 - t. Calculate the remainder when 30 is divided by r.
6
Let c(w) be the first derivative of 7*w**3/3 + 2*w**2 - 7*w + 2. Calculate the remainder when c(-4) is divided by 23.
20
Suppose -32 = d - 2*d. Suppose 0 = 4*c - 2*r - 362, 5*c - 2*r = 4*c + 83. Calculate the remainder when c is divided by d.
29
Suppose 3*k = 4*f - 2*k - 15, 5*f + 2*k + 6 = 0. Let n be ((4/(-3))/1)/(4/(-6)). Suppose f = -2*l - n*l + 44. Calculate the remainder when 41 is divided by l.
8
What is the remainder when (58 - 2) + (3 - 3) is divided by (-6)/15 - 97/(-5)?
18
Let k = -87 + 148. Calculate the remainder when k is divided by 16.
13
Suppose k + 9 = 5*m, 0 = 3*m - 8*k + 3*k - 23. What is the remainder when 1/(m/(-4)) - -12 is divided by 5?
3
Suppose -4*l + 1 + 8 = -5*p, -4*l + 2*p = -6. Let u(w) = -w + 8. Let h be u(6). Suppose -h*q + 7*q = 10. Calculate the remainder when q is divided by l.
0
Suppose 0 = -4*m + 6 + 2. What is the remainder when m*(-33)/(-6)*4 is divided by 15?
14
Let g be (-79)/(-4) + (-1)/(-4). Suppose 0*u - g = 5*u. Calculate the remainder when u/(-6)*102/4 is divided by 6.
5
Suppose -4*g = 2*g - 168. What is the remainder when 110 is divided by g?
26
Let w(l) = 15*l**3 - l + 1. Let s be w(1). Let b = -4 + 11. Let v = s - b. Calculate the remainder when 29 is divided by v.
5
Suppose -17 + 3 = -2*g. What is the remainder when 12 is divided by g?
5
Let h = 1 - -5. Suppose -2*y + h*y = 28. What is the remainder when 25 is divided by y?
4
Let i = 13 - -10. Suppose 5 + 3 = m. Suppose -4*f + 3*c = -c - 64, 0 = 2*c + m. What is the remainder when i is divided by f?
11
Let j = 3 + -3. Suppose -2*x + 5*g - 11 = j, 4*x + 0*g = 3*g - 1. Calculate the remainder when (3 + 9)*x/3 is divided by 5.
3
Let d be (-398)/10 + 3/(-15). Let h = -28 - d. Suppose -5*g - 54 = -164. Calculate the remainder when g is divided by h.
10
Let j(o) = o**3 + o - 3. Let h be j(0). Let v(n) = -n + 1. Calculate the remainder when v(h) is divided by 2*((-10)/(-4) - 1).
1
Let y(g) be the third derivative of g**5/15 + g**4/24 + g**3/6 + g**2. Calculate the remainder when y(-1) is divided by (1 + 2)*(-2)/(-3).
0
Calculate the remainder when 26 is divided by 0 + 2/(-1) - -16.
12
Let j(y) = 2*y + 2. Let z be j(4). Let v(f) = -f**3 + 10*f**2 + 2*f - 14. Let a be v(z). Suppose -c - a = -4*c. Calculate the remainder when 4 is divided by c.
0
Let b(p) = 2*p**3 - p**2 - 2*p - 4. Let j(v) = v**3 - v**2 -